)?
-23
Evaluate -18 - (-1 + -2) - (74 + -46 + -58).
15
What is the value of (1844 - 1824) + -1 + -18 + (-1 - -11) - -9?
20
What is -25 + (11 + -54 - -21) + 41?
-6
-9 - -128 - (-294 - -399)
14
17 - ((11 + (10 + -11 - 3) - 19) + 19)
10
Evaluate -81 + (-8 - -39) + -37 + 10.
-77
What is the value of 38 + (-44 - 105) + 68?
-43
What is the value of 8 + 0 + (41 - (28 + -15 - 25))?
61
Calculate -15 + (15 - (-30 + (21 - -1))) + 2 + 86.
96
Evaluate 9 + 2 + 4 + (-50 - -36).
1
-4 - (-35 + -22 - 29)
82
Calculate -159 - -195 - ((-1 - -1) + 17).
19
Evaluate -3 + -2 - (-615 + 561).
49
What is the value of -70 + 0 + -15 + (133 - 126) + 4?
-74
(12 - -60) + -151 + (12 - (-10 + 3))
-60
Evaluate -17 + -48 + (-184 - -156).
-93
Evaluate (-91 - (-5 + 8)) + (5 - ((15 - -11) + -18)).
-97
What is the value of 17 + (-29 - 13 - -7) + -4 + 11?
-11
(-28 + 1 - (2105 + -2116)) + -58 + -1
-75
-10 + 1 - (-4 - (10 - -3) - -28 - 64)
44
(-1 - -2) + (-44 - 1) - (5 + 0 + -3)
-46
Evaluate -14 + (15 - 0 - 1) - (-3 + 4 + 10).
-11
-4 - 3 - -8 - (-15 + 17) - -49
48
(13 - (-3 - -6)) + 119 + -82 + 77
124
What is the value of 33 - (1 + -7 + (35 - 57))?
61
What is -32 - (-3 - (4 - -3 - -12))?
-10
Calculate (19 - (-19 - -69) - (-6 - -1)) + (-1 - -3).
-24
What is the value of (0 - (-34 - -11)) + 38?
61
What is -41 + 41 + -71 + (-3 - -29)?
-45
-1 - (-56 + (85 - 81))
51
Evaluate (-46 - ((8 - 25) + -15)) + -40.
-54
Evaluate -1 - (17 + 11 - 61) - (-8 + 0).
40
What is 16 + -20 + (1 - -58 - (-3 + (11 - 11)))?
58
-210 - (-116 - -116) - -91
-119
Calculate 2 - 1 - -41 - 60.
-18
What is the value of -6 + -12 - (39 - 85 - 21)?
49
Evaluate 49 + (57 - 52 - 49).
5
5 - (2 + 8) - 2 - (-89 + 113)
-31
33 + -48 + -9 + 45
21
8502 + -8483 + (-10 - 1) + 1
9
Evaluate (-38 - (19 + -67)) + -55 + -1.
-46
What is 150 + -16 + (1 + 1 + 14 - 19)?
131
Evaluate 43 - (54 + (-36 - -34)).
-9
Calculate -3 + (-40 - -20 - -17) + (5 - (11 - -6)).
-18
Calculate 89 + -8 - (1 - (4 + -15 + 1)).
70
94 - (-132 - (-92 + -134))
0
-8 - (-77 + 78 + (3 + 0 - -5))
-17
Evaluate -29 + 16 + -16 - (10 + -5).
-34
What is the value of 83 - (-56 + (85 - -71))?
-17
Calculate 73 - 9 - 18 - ((-9 - -6) + (7 - 8)).
50
-53 - (-6 - -6) - ((-36 - -103) + -44)
-76
Evaluate 10 - ((10 - 16) + -3 + 29) - 26.
-36
Evaluate (23 - (19 + 36)) + (-9 - -10).
-31
Calculate (-116 - -87) + 97 - 123.
-55
What is 6 - ((4 - 11 - (-24 + (-12 - -30))) + 11)?
-4
What is (97 + -72 - 99) + 69?
-5
Evaluate (143 - 65 - 103) + (-1 - 1).
-27
Evaluate 22 + 0 + 731 + -733 + 51.
71
Calculate -61 - -64 - -56 - 50.
9
What is the value of -34 - ((49 - 78) + 45)?
-50
What is -7 - (-30 - (26 + -45 + -42))?
-38
Calculate (359 - 371) + (2 + -4 + 1 - 3).
-16
What is the value of (28217 - 28217) + (0 - ((1 - -10) + -1))?
-10
What is (-22 - (-102 + 71) - (14 - -1)) + (0 - 4)?
-10
What is 0 - (64 + -121 - (2 + -1) - 6)?
64
What is 1 - 3 - (-13 - -29) - -21?
3
0 + (-7 - (-8 + 9 + -8 + 14) - 7)
-21
Calculate -87 - -5 - (52 + -52 + -38).
-44
What is the value of (67 - 108) + 20 - -92?
71
Calculate -1 + 106 - (23 - (-4 + 10 + 12) - -5).
95
107 + -29 + -103 - (-69 + 2)
42
Evaluate 17 - (1 + (0 - -2) + (66 - (151 + -74))).
25
((-12 - 7) + 30 + 13 - -4) + -18
10
2 + 1 + -4 + (4140 - 4265)
-126
What is the value of (-3 - 5) + (89 - 91) + 20?
10
What is the value of -10 - (-1 + -31 + (3 - 14)) - 10?
23
Evaluate 109 - (-35 - (-37 - (-42 - -19))) - 0.
130
-20 - (5 + 12 - 10 - (4 + -11))
-34
24 - (-56 + 17) - 62
1
What is (153 - 0) + (-80 - (44 - 104)) - 20?
113
Calculate 103 - 35 - (476 + -361).
-47
-19 + (-72 - -24 - (-2 - -66))
-131
Evaluate -51 - (-10 + -49 - -31).
-23
28 + -17 + -5 + 26 + 17
49
What is -1 - 30 - (16 + -14 + (5 - 10 - -8))?
-36
What is 6 - (-19 - (11 + -58))?
-22
What is the value of -835 - -787 - (0 - 35)?
-13
What is -15 + (21 - (-21 + 19)) + -52?
-44
Evaluate 18 - (86 + -9 + 9 - (10 - 27)).
-85
Evaluate 24 + (-53 - (-17 + 8)) - -48.
28
-770 - -743 - (21 - -3)
-51
-154 + 80 + (6 - (-15 - -8 - -8))
-69
What is (-40 + 0 - (9 - (14 + -1 - 8))) + 3?
-41
(20 - 9 - 31) + (5 + 3 - -41)
29
Evaluate -47 + -84 + 75 + 44.
-12
70 - (-6 + 15 - -19) - (0 + -1 + 5)
38
What is -69 + -89 + -40 + 282?
84
Calculate (19 - 12) + 2 + -13 - (64 + 3).
-71
Calculate 5 - 4 - ((8 - (-3 + 10)) + 1) - -93.
92
Calculate 57 - (-25 + -3 - -70).
15
What is 16 + 77 + 0 + 8 + 223 + -219?
105
What is -5 + 0 - 10 - (-10 - -8) - -23?
10
Evaluate (59 - -4) + 1 - (-327 - -328).
63
Evaluate -1 + 46 - (1049 + -995).
-9
Evaluate (-17 - (-16 - (-8 + (-6 - -5))) - -3) + -48.
-55
What is 13 - (-28 + (-15 + 19 - -17 - 9) + -4)?
33
Calculate -5 - -3 - (20 - -36).
-58
Calculate 8 + -2 - (-2 + 4 - -38 - (-13 - -13)).
-34
What is -3 + 19 + (-6 - -4) + -8 + 7?
13
What is the value of -159 + (399 - 228) + -1 + 2 + 14?
27
-21 - (-14 - (-10 - (-3 - (-1 - 4))))
-19
What is (1511 - 1627) + (0 - -57)?
-59
What is the value of (4 - (-9 + 24 + -29)) + 45?
63
Calculate (-60 - 23) + (1 - -12) + (-28 - -13).
-85
What is 72 - (111 - 30) - 9?
-18
What is (-9 - (-8 + 7)) + (9 - 25) + 8 + 25?
9
Calculate 7 + -12 + 30 + -387 + 248.
-114
36 - (26 - (24 + -25))
9
1198 + -1109 - (12 + 45)
32
1238 - 1322 - (1 + -15)
-70
-182 - (12 - 81) - -71
-42
What is -31 - ((21 - 17) + 49 + 5)?
-89
Evaluate 34 - ((28 - -15) + -36) - 38.
-11
70 - ((-37 - -148) + -61)
20
(-7 + -7 + 16 - -1) + 12 - 39
-24
Calculate -26 + (-65 - -30) + 53.
-8
Calculate 21 - (-11 + 10 - (-15 - 10)).
-3
(1 - 31 - 0) + (1154 - 1153)
-29
What is the value of 19 - (3 + -2) - 5 - (44 + 12 - -23)?
-66
What is the value of 8 + (-6 + 6 - -5 - -2) + -15 - -43?
43
Evaluate (-23 + 44 - -1) + 36 - (-2 - -3 - 10).
67
Evaluate -11 + (-5 + 1 - (-95 + 18 - -45)).
17
10 + -80 + -54 + 130 + -1 + -38 + -1
-34
What is 9 + -10 + -11 + (-3 - (-6 + 5) - 39)?
-53
What is the value of -4 + ((3 - 7) + -1 - (-13 - -1 - -5))?
-2
Evaluate -7 - (0 + -14 + 38) - -93.
62
What is the value of (0 + 24 - -2) + (25 - (17 + -5) - 16)?
23
Calculate -66 + (13 - 14) - (-2 + 19 + -7).
-77
(21 - -46) + -86 + 51 + -23
9
What is -21 + 1 + (22 - (37 - 19)) + -12?
-28
What is -6328 - -6403 - (3 + (-1 - (4 + -1 + -1)))?
75
What is the value of (96 - 19) + -41 - (-15 - 1)?
52
9 + -116 + 81 - -80
54
Evaluate (-15 - 34) + 9 - (4 - -14).
-58
38 + -53 + -25 - 16
-56
-98 - (-45 - -32 - 33)
-52
Calculate (3 - -2) + (100 - 92 - (5 - (8 + -5))).
11
Calculate -67 + 114 + -56 - 24.
-33
What is (2 - -120) + -17 + (2 + 0 - (-237 - -232))?
112
What is the value of 68 + -20 - (-19 + 73)?
-6
What is the value of 154 + (88 - (-101 + 249))?
94
What is (6 - (-15 - -40) - -9) + (-17 - -2)?
-25
What is the value of 120 + 1 - (1310 - 1158)?
-31
Calculate (-3 - (-3 + 20)) + -5 + (-2 - (12 - 10)).
-29
What is the value of -43 + 13 + (-8 - (-12 + 10 - 18))?
-18
Calculate 1 + (2 - 16) + 12 + -5 + -7 + 15.
2
Calculate (-1 - -9) + (57 - -11 - 46).
30
What is -1 - (0 + -50) - (-14 - -24 - (7 + 1))?
47
What is the value of (-3 - -2) + -2 + (17 - -1) + -4 + -60?
-49
-19 + 25 - 16 - (-1 + -5 + (7 - 38))
27
What is -74 + 6 + 6 - (7 - 8 - 10)?
-51
Calculate -7 - (-15 - (-13 - (11 + -21))) - (62 - -1).
-58
-62 + (24 + -17 - 9) + (11 - -1) + -10
-62
Evaluate (31 - 57) + 91 + 7 + -25.
47
What is the value of 3 - -1 - ((-1 + 0 - 2) + -107 + 54)?
60
(-34 - -18) + (22 - 10) - -69
65
What is the value of -37 - (41 + -24 - -34 - 17)?
-71
Calculate -67 + 131 - 164 - -59.
-41
What is the value of 6 - (-15 - (-20 + -15))?
-14
5 + 28 + -25 + -22 + 22 - (-1 + 116)
-107
Evaluate (25 - (-17 + 25) - -9) + -16 + -61.
-51
-48 - (-30 + 0) - (-47 - -129)
-100
What is the value of (66 - 80) + 19 + (-2 - 19)?
-16
What is the value of -12948 + 12857 - (-98 + 0)?
7
Evaluate 27 - ((-26 - -13 - -30) + -10 + 8).
12
Evaluate (69 - 29) + -19 - (-8 - -28).
1
Evaluate -28 + -3 + 19 - (-70 - -48).
10
Calculate -66 + -33 + 37 + 48.
-14
Evaluate -73 + 201 + -63 - 7.
58
Calculate (65 - (-45 - -76)) + 10 - (-20 - -1).
63
Evaluate -63 - -2 - (-127 + -49 + 165).
-50
What is 1 - 18 - (216 + -464 - -140)?
91
Calculate -91 - (150 - 157) - 0.
-84
-46 + (169 - (-80 + 154))
49
Calculate 54 + -38 + (10 - 38) - (-1 - -36).
-47
What is -154 + (-11 - (-19 + -22) - -9)?
-115
What is the value of -30 + 15 + (-65 - -57)?
-23
Evaluate 16 + (38 - 1 - (-340 - -361)).
32
-115 + (-61 + 56 - (9 + 4) - -14)
-119
What is -1